{"id":309,"date":"2016-12-04T14:04:57","date_gmt":"2016-12-04T13:04:57","guid":{"rendered":"http:\/\/germaniahorstmar.de\/fussball\/?page_id=309"},"modified":"2023-04-18T00:22:04","modified_gmt":"2023-04-17T22:22:04","slug":"alte-herren","status":"publish","type":"page","link":"https:\/\/germaniahorstmar.de\/fussball\/senioren\/alte-herren\/","title":{"rendered":"Alte Herren"},"content":{"rendered":"\n<h2 class=\"wp-block-heading has-text-align-center\">Alte Herren<\/h2>\n\n\n\n<p>Im Jahre 1964 entstand die Alte Herren Fu\u00dfballabteilung mit der Einweihung des Stadions am Borghorster Weg aus ehemaligen Spielern der ersten und zweiten Mannschaft und wurde dann im Jahre 1969 innerhalb der Fachschaft Fu\u00dfball eine eigene Abteilung. Mit nunmehr \u00fcber 70 Mitglieder hat sich die AH-Abteilung zu einer zuverl\u00e4ssigen Truppe in der Fachschaft Fu\u00dfball entwickelt.<\/p>\n<p>Neben dem Hobby Fu\u00dfball mit w\u00f6chentlicher Trainingseinheit und Freundschaftsspielen haben Spa\u00df und Geselligkeit ihren geb\u00fchrenden Platz. Aber auch aktive Unterst\u00fctzung f\u00fcr den TuS Germania 1910 Horstmar wird gro\u00df geschrieben. Neben den geselligen Veranstaltungen in jeder Saison wird und wurde der Sportverein bei zahlreichen Veranstaltungen unterst\u00fctzt sowie beim Neubau des Clubhauses und des neuen Kunstrasenplatzes.<\/p>\n<p>Ohne die Hilfe der Alten Herren h\u00e4tten zahlreiche Volksl\u00e4ufe, die Jugend-Pfingstturniere oder die Einweihung des Minispielfeldes an der Verbundschule Horstmar-Sch\u00f6ppingen und das Public Viewing bei der EM 2008 auf dem Schulhof der Grundschule nicht durchgef\u00fchrt werden k\u00f6nnen.<\/p>\n<p>Bei Heimspielen der 1. Mannschaft sorgen sie sich um das leibliche Wohl der Zuschauer und \u00fcbernehmen schon seit Jahren den Grill- und Getr\u00e4nkedienst. Wenn es darum geht tatkr\u00e4ftig an zu packen sind immer Mitglieder der Alten Herren beteiligt.<\/p>\n<p>Im sportlichen Bereich gab es im Jahr 2001 ein besonderes Highlight. Die \u00dc40 der Germanen konnte in dem Jahr die Kreismeisterschaft gewinnen und nahm anschlie\u00dfend an der \u00dc40-Westfalenmeisterschaft in Kaiserau teil.<\/p>\n\n\n<div class=\"wp-block-image\">\n<figure class=\"aligncenter size-full\"><img loading=\"lazy\" decoding=\"async\" width=\"1024\" height=\"704\" src=\"https:\/\/germaniahorstmar.de\/fussball\/wp-content\/uploads\/sites\/3\/2016\/12\/westfalenmeisterschaft-2001_1.jpg\" alt=\"\" class=\"wp-image-310\" srcset=\"https:\/\/germaniahorstmar.de\/fussball\/wp-content\/uploads\/sites\/3\/2016\/12\/westfalenmeisterschaft-2001_1.jpg 1024w, https:\/\/germaniahorstmar.de\/fussball\/wp-content\/uploads\/sites\/3\/2016\/12\/westfalenmeisterschaft-2001_1-300x206.jpg 300w, https:\/\/germaniahorstmar.de\/fussball\/wp-content\/uploads\/sites\/3\/2016\/12\/westfalenmeisterschaft-2001_1-768x528.jpg 768w, https:\/\/germaniahorstmar.de\/fussball\/wp-content\/uploads\/sites\/3\/2016\/12\/westfalenmeisterschaft-2001_1-212x146.jpg 212w, https:\/\/germaniahorstmar.de\/fussball\/wp-content\/uploads\/sites\/3\/2016\/12\/westfalenmeisterschaft-2001_1-50x34.jpg 50w, https:\/\/germaniahorstmar.de\/fussball\/wp-content\/uploads\/sites\/3\/2016\/12\/westfalenmeisterschaft-2001_1-109x75.jpg 109w\" sizes=\"auto, (max-width:767px) 480px, (max-width:1024px) 100vw, 1024px\" \/><figcaption class=\"wp-element-caption\">stehend von links: Udo Heinze, Ralf H\u00f6ckelmann, Bernhard Schulte, Heinz Saborny, Ludger Lengers, Stefan Diekmann, Horst M\u00fcller, Manfred Eppenhoff<br>sitzend von links: Rof Weiser, Klaus Schwering, Heinz Koths, Karl-Heinz Edler, Dieter J\u00fcrgens, Bernhard Niehoff, Franz-Josef Mensing<br>knieend von links: Heinrich Schwering, Udo Roters<\/figcaption><\/figure>\n<\/div>","protected":false},"excerpt":{"rendered":"<p>Alte Herren Im Jahre 1964 entstand die Alte Herren Fu\u00dfballabteilung mit der Einweihung des Stadions am Borghorster Weg aus ehemaligen Spielern der ersten und zweiten Mannschaft<span class=\"excerpt-hellip\"> [\u2026]<\/span><\/p>\n","protected":false},"author":1,"featured_media":0,"parent":59,"menu_order":0,"comment_status":"closed","ping_status":"closed","template":"","meta":{"footnotes":""},"class_list":["post-309","page","type-page","status-publish","hentry"],"_links":{"self":[{"href":"https:\/\/germaniahorstmar.de\/fussball\/wp-json\/wp\/v2\/pages\/309","targetHints":{"allow":["GET"]}}],"collection":[{"href":"https:\/\/germaniahorstmar.de\/fussball\/wp-json\/wp\/v2\/pages"}],"about":[{"href":"https:\/\/germaniahorstmar.de\/fussball\/wp-json\/wp\/v2\/types\/page"}],"author":[{"embeddable":true,"href":"https:\/\/germaniahorstmar.de\/fussball\/wp-json\/wp\/v2\/users\/1"}],"replies":[{"embeddable":true,"href":"https:\/\/germaniahorstmar.de\/fussball\/wp-json\/wp\/v2\/comments?post=309"}],"version-history":[{"count":9,"href":"https:\/\/germaniahorstmar.de\/fussball\/wp-json\/wp\/v2\/pages\/309\/revisions"}],"predecessor-version":[{"id":2840,"href":"https:\/\/germaniahorstmar.de\/fussball\/wp-json\/wp\/v2\/pages\/309\/revisions\/2840"}],"up":[{"embeddable":true,"href":"https:\/\/germaniahorstmar.de\/fussball\/wp-json\/wp\/v2\/pages\/59"}],"wp:attachment":[{"href":"https:\/\/germaniahorstmar.de\/fussball\/wp-json\/wp\/v2\/media?parent=309"}],"curies":[{"name":"wp","href":"https:\/\/api.w.org\/{rel}","templated":true}]}}