{"id":684,"date":"2017-10-31T16:06:19","date_gmt":"2017-10-31T15:06:19","guid":{"rendered":"http:\/\/germaniahorstmar.de\/fussball\/?page_id=684"},"modified":"2026-01-25T11:13:29","modified_gmt":"2026-01-25T10:13:29","slug":"hallenturniere","status":"publish","type":"page","link":"https:\/\/germaniahorstmar.de\/fussball\/jugend\/turniere\/hallenturniere\/","title":{"rendered":"Hallenturniere"},"content":{"rendered":"<p><b>Die Hallenturniere unserer Fu\u00dfballjugend finden jedes Jahr im Zeitraum Januar\/Februar in der Sporthalle des Lernzentrums Horstmar statt. Im Jahr 2026 vom 30.01. bis 01.02.2026<\/b><\/p>\n<p><b>Zeitplan:<\/b><\/p>\n<ul>\n<li style=\"font-weight: 400\"><span style=\"font-weight: 400\">Fr. 30.01.26 C1 \u2013 Turnier von 17:30 \u2013 21:15 Uhr<\/span><\/li>\n<\/ul>\n<ul>\n<li style=\"font-weight: 400\"><span style=\"font-weight: 400\">Sa. 31.01.26 D1 \u2013 Turnier von 10:00 \u2013 13:30 Uhr<\/span><\/li>\n<\/ul>\n<ul>\n<li style=\"font-weight: 400\"><span style=\"font-weight: 400\">Sa. 31.01.26 F1 \/ F2 (Jahrgang 2017) \u2013 Spielefest von 14:30 \u2013 17:45 Uhr<\/span><\/li>\n<\/ul>\n<ul>\n<li style=\"font-weight: 400\"><span style=\"font-weight: 400\">So. 01.02.26 E1 \u2013 Turnier (Jahrgang 2015) von 9:30 \u2013 13:00 Uhr<\/span><\/li>\n<\/ul>\n<ul>\n<li style=\"font-weight: 400\"><span style=\"font-weight: 400\">So. 01.02.26 Mini-Kicker \u2013 Spielefest vom 13:45 \u2013 16:30 Uhr<\/span><\/li>\n<\/ul>\n<p><a href=\"https:\/\/www.meinturnierplan.de\/mt?germania_horstmar\"><b>Hier geht`s zu den vorl\u00e4ufigen Turnierpl\u00e4nen!<\/b><\/a><\/p>\n<p><span style=\"font-weight: 400\">Hier die Bestimmungen nach denen die Turnier durchgef\u00fchrt werden:<\/span><\/p>\n<p><a href=\"https:\/\/germaniahorstmar.de\/fussball\/wp-content\/uploads\/sites\/3\/2025\/12\/FLVW-Bestimmungen_fuer_Hallenfussballturniere_Stand_09_2025.pdf\"><span style=\"font-weight: 400\">FLVW-Bestimmungen_fuer_Hallenfussballturniere_(Stand_09_2025)<\/span><\/a><\/p>\n<p><span style=\"font-weight: 400\">Hier findet man das Regelwerk f\u00fcr die Spielfeste der F-Junioren und Minis:<\/span><\/p>\n<p><a href=\"https:\/\/germaniahorstmar.de\/fussball\/wp-content\/uploads\/sites\/3\/2025\/12\/Regelwerk_FLVW-Kinderfussball_Halle_2025_26.pdf\"><span style=\"font-weight: 400\">Regelwerk_FLVW-Kinderfussball_(2025_26)<\/span><\/a><\/p>\n<p><span style=\"font-weight: 400\">Die Turniere\/Spielefeste F1 bis C1 werden mit 4 + 1 gespielt! Besonderheit bei den F-Junioren (Tore sind oben abgehangen)<\/span><\/p>\n<p><span style=\"font-weight: 400\">Beim Spielfest der Minis wird die Halle in 3 Kleinfelder aufgeteilt und in diesen wird dann 3x 3vs3 ohne Torwart auf Minitoren gespielt.<\/span><\/p>\n<p><b>Bei s\u00e4mtlichen Turnieren steht nat\u00fcrlich der Spa\u00df aller Beteiligten im Vordergrund. Wir freuen uns \u00fcber jeden Zuschauer. F\u00fcr das leibliche Wohl ist selbstverst\u00e4ndlich bestens gesorgt.<\/b><\/p>\n<p style=\"text-align: center\"><img loading=\"lazy\" decoding=\"async\" class=\"wp-image-685 alignleft\" src=\"https:\/\/germaniahorstmar.de\/fussball\/wp-content\/uploads\/sites\/3\/2017\/10\/Hallenturniere-3-300x200.jpg\" alt=\"\" width=\"250\" height=\"166\" srcset=\"https:\/\/germaniahorstmar.de\/fussball\/wp-content\/uploads\/sites\/3\/2017\/10\/Hallenturniere-3-300x200.jpg 300w, https:\/\/germaniahorstmar.de\/fussball\/wp-content\/uploads\/sites\/3\/2017\/10\/Hallenturniere-3-768x511.jpg 768w, https:\/\/germaniahorstmar.de\/fussball\/wp-content\/uploads\/sites\/3\/2017\/10\/Hallenturniere-3-219x146.jpg 219w, https:\/\/germaniahorstmar.de\/fussball\/wp-content\/uploads\/sites\/3\/2017\/10\/Hallenturniere-3-50x33.jpg 50w, https:\/\/germaniahorstmar.de\/fussball\/wp-content\/uploads\/sites\/3\/2017\/10\/Hallenturniere-3-113x75.jpg 113w, https:\/\/germaniahorstmar.de\/fussball\/wp-content\/uploads\/sites\/3\/2017\/10\/Hallenturniere-3.jpg 960w\" sizes=\"auto, (max-width:767px) 250px, 250px\" \/><\/p>\n<p><img loading=\"lazy\" decoding=\"async\" class=\"wp-image-686 alignright\" src=\"https:\/\/germaniahorstmar.de\/fussball\/wp-content\/uploads\/sites\/3\/2017\/10\/Hallenturniere-1-300x200.jpg\" alt=\"\" width=\"250\" height=\"166\" \/><\/p>\n<p><img loading=\"lazy\" decoding=\"async\" class=\"wp-image-687 aligncenter\" src=\"https:\/\/germaniahorstmar.de\/fussball\/wp-content\/uploads\/sites\/3\/2017\/10\/Hallenturniere-2-300x200.jpg\" alt=\"\" width=\"250\" height=\"166\" srcset=\"https:\/\/germaniahorstmar.de\/fussball\/wp-content\/uploads\/sites\/3\/2017\/10\/Hallenturniere-2-300x200.jpg 300w, https:\/\/germaniahorstmar.de\/fussball\/wp-content\/uploads\/sites\/3\/2017\/10\/Hallenturniere-2-768x511.jpg 768w, https:\/\/germaniahorstmar.de\/fussball\/wp-content\/uploads\/sites\/3\/2017\/10\/Hallenturniere-2-219x146.jpg 219w, https:\/\/germaniahorstmar.de\/fussball\/wp-content\/uploads\/sites\/3\/2017\/10\/Hallenturniere-2-50x33.jpg 50w, https:\/\/germaniahorstmar.de\/fussball\/wp-content\/uploads\/sites\/3\/2017\/10\/Hallenturniere-2-113x75.jpg 113w, https:\/\/germaniahorstmar.de\/fussball\/wp-content\/uploads\/sites\/3\/2017\/10\/Hallenturniere-2.jpg 960w\" sizes=\"auto, (max-width:767px) 250px, 250px\" \/><\/p>\n","protected":false},"excerpt":{"rendered":"<p>Die Hallenturniere unserer Fu\u00dfballjugend finden jedes Jahr im Zeitraum Januar\/Februar in der Sporthalle des Lernzentrums Horstmar statt. Im Jahr 2026 vom 30.01. bis 01.02.2026 Zeitplan: Fr.<span class=\"excerpt-hellip\"> [\u2026]<\/span><\/p>\n","protected":false},"author":8,"featured_media":0,"parent":694,"menu_order":0,"comment_status":"closed","ping_status":"closed","template":"","meta":{"footnotes":""},"class_list":["post-684","page","type-page","status-publish","hentry"],"_links":{"self":[{"href":"https:\/\/germaniahorstmar.de\/fussball\/wp-json\/wp\/v2\/pages\/684","targetHints":{"allow":["GET"]}}],"collection":[{"href":"https:\/\/germaniahorstmar.de\/fussball\/wp-json\/wp\/v2\/pages"}],"about":[{"href":"https:\/\/germaniahorstmar.de\/fussball\/wp-json\/wp\/v2\/types\/page"}],"author":[{"embeddable":true,"href":"https:\/\/germaniahorstmar.de\/fussball\/wp-json\/wp\/v2\/users\/8"}],"replies":[{"embeddable":true,"href":"https:\/\/germaniahorstmar.de\/fussball\/wp-json\/wp\/v2\/comments?post=684"}],"version-history":[{"count":10,"href":"https:\/\/germaniahorstmar.de\/fussball\/wp-json\/wp\/v2\/pages\/684\/revisions"}],"predecessor-version":[{"id":3629,"href":"https:\/\/germaniahorstmar.de\/fussball\/wp-json\/wp\/v2\/pages\/684\/revisions\/3629"}],"up":[{"embeddable":true,"href":"https:\/\/germaniahorstmar.de\/fussball\/wp-json\/wp\/v2\/pages\/694"}],"wp:attachment":[{"href":"https:\/\/germaniahorstmar.de\/fussball\/wp-json\/wp\/v2\/media?parent=684"}],"curies":[{"name":"wp","href":"https:\/\/api.w.org\/{rel}","templated":true}]}}